-3*l, -4*u + 57363 + 47045 = -2*l. What is the hundreds digit of u?
1
Suppose 2*p - 1116 = 5*x, 4*p + 4*x = -x + 2202. Let g = 1125 - p. What is the units digit of g?
2
Let y = -20010 + 39596. What is the units digit of y?
6
Let w(u) = u**3 + 14*u**2 + 36*u + 1. Let h be w(-12). Let b = 235 + h. What is the units digit of b?
2
Suppose -v + 110 - 90 = 0. Suppose -4*c - 15*h + v*h = -3649, 4552 = 5*c + 3*h. What is the hundreds digit of c?
9
Suppose 0 = h - 3*b - 3935 - 415, -b + 21686 = 5*h. Suppose h = 6*w - 5520. What is the hundreds digit of w?
6
Let c be -1 + 1 - -4 - (-2)/(-2). Suppose 4*y - b - 12 = 0, -c*y - 4*b + 0*b - 10 = 0. What is the tens digit of (77/(-2))/(y/(-4))?
7
Let i = 1013 + -232. Let u = -59 + i. What is the tens digit of u?
2
Let q = 404 - -136. Suppose -2004 = -4*z + q. What is the hundreds digit of z?
6
Suppose 15 + 15 = 2*a. Suppose -18*v + 15 = -a*v. Suppose -v*f = -63 + 8. What is the tens digit of f?
1
Suppose -394 = -2*d - 108. Let q = -66 + d. Let b = q + -10. What is the tens digit of b?
6
Suppose -5*a + 4*o = -36755, -2*a = -o - 2*o - 14702. Suppose -15*q + a + 2504 = 0. What is the units digit of q?
7
Let g = 14886 + -3852. What is the ten thousands digit of g?
1
Suppose -12*b + 9*b + 2346 = 0. What is the hundreds digit of b - ((-11 - -9) + -6)?
7
Suppose 97*c - 100*c = -18, -2*r = 4*c - 54876. What is the thousands digit of r?
7
Let m(d) = -3*d**3 + 23*d**2 - 161*d + 37. Let u(a) = a**3 + a + 1. Let h(y) = -m(y) - 2*u(y). What is the units digit of h(19)?
8
Let j be 249/15 - (-16)/40. Let v = j - 13. Suppose -70 = -v*t + 626. What is the tens digit of t?
7
Let p = -20398 + 30837. What is the ten thousands digit of p?
1
Let j be -1 + 1 + -1 + -5. Let v(i) be the first derivative of -2*i**2 + 50*i + 474. What is the units digit of v(j)?
4
Let b(q) = -7*q**3 - 3 + 29*q + 3*q**2 + 27*q - 6*q**3 - 56*q. What is the units digit of b(-4)?
7
Let i(y) = -13*y**3 + 12*y**2 + 20*y + 105. What is the hundreds digit of i(-7)?
0
Let x(w) be the third derivative of 1/2*w**4 + 3/20*w**5 + 0 - 16/3*w**3 - 1/120*w**6 + 10*w**2 + 0*w. What is the units digit of x(8)?
8
Let o be (-1 - 2)/(-12*6/120). What is the hundreds digit of (-739 + o)*21/(-14)?
1
What is the tens digit of 56/(6 - (-246532)/(-41107)) + 1/(-5)?
2
Suppose 0 = -29*w + 24*w - 5, -5*t = w - 41964. What is the tens digit of t?
9
Let f = -73 + 64. Let h be 1398/5 + f/15 + 1. Suppose 4*y - 2*w + 0*w - h = 0, -w = -2. What is the units digit of y?
1
Suppose 9*x - 13124 = 7*x + 3*b, -5*b = -30. What is the units digit of x?
1
Let i = -28347 - -44296. What is the tens digit of i?
4
Let w(h) = 12*h**2 - 2 + 11*h + h**3 - 17 - 10*h. Let p be w(-10). Let y = 247 - p. What is the tens digit of y?
7
Let z be (-20 - -32)/(3/2421). What is the hundreds digit of z/22 - (-44)/(-242)?
4
Let n(t) = -13*t**2 + 1806*t - 219. What is the hundreds digit of n(131)?
2
Suppose -20*r = -6*r. Suppose r = 6*z - 1533 - 753. What is the hundreds digit of z?
3
Let q(v) = 18*v + 2*v + 33*v - 5*v + 11. Let o be q(2). Let h = o - 44. What is the units digit of h?
3
Let g = 1892 + 5111. What is the units digit of g?
3
Let y = -69 + 71. Suppose -3*x = -3*g - g + 8, -y*x + 3*g = 6. Suppose -122 = -k - k - 5*p, x = -k + p + 75. What is the units digit of k?
1
What is the units digit of (-28479)/(-3) - (18 - 11)?
6
Suppose -2052 - 2358 = -14*q. Let x = 442 - q. What is the units digit of x?
7
Let w = 237 - -279. Let c be ((-2)/4)/((-7)/70). Suppose l - w = -c*l. What is the tens digit of l?
8
Let a(y) = -5*y**3 - y**2 + y + 1. Let l be a(-1). Suppose -4*w - l*u = -336, 454 = 4*w - 5*u + 100. Suppose 0 = q - 2*q + w. What is the tens digit of q?
8
Let k(a) = -a**3 - 5*a**2 + 3*a + 8. Let g = 37 - 35. Suppose 0 = g*p, -3*p = -7*b + 8*b + 9. What is the tens digit of k(b)?
0
Suppose -81*r + 12 = -82*r. What is the units digit of (-6)/r*14 + 1084?
1
Let m(r) = 2*r + 1. Let o(k) = -3*k - 2. Let q(p) = -5*m(p) - 3*o(p). Let x be q(-14). What is the units digit of (x/6)/((-6)/(-276))?
5
What is the thousands digit of (-4)/18*6353019/(-102)?
3
Let s = -1938 - 0. Let r = s - -2797. What is the units digit of r?
9
Let b(h) = -14*h + 1. Let d(s) = s**3 + 14*s**2 - 92*s + 42. Let p be d(-19). What is the hundreds digit of b(p)?
2
Let v = -7383 - -26484. What is the thousands digit of v?
9
Let h be (-22*10/(-12))/(3/9). Let x = 118 + h. What is the units digit of x?
3
Suppose -5*r - 5*b = -3305, -5*r + 983 + 2342 = b. What is the hundreds digit of r?
6
Let b(u) = 7 - 163*u**3 - 4*u + 5*u**2 + 168*u**3 + 2. What is the units digit of b(6)?
5
Suppose -15*y = -24*y + 8*y + 1529. What is the thousands digit of y?
1
Suppose 0 = -24*b - 3469 + 417181. What is the ten thousands digit of b?
1
Suppose 17*p = 18*p - 4*b - 6837, p + 5*b - 6810 = 0. What is the tens digit of p?
2
Let v(k) = 2*k**2 - 19*k - 7. Let b = -21 - -31. Let a be v(b). Suppose 3*s - a*x - 306 = 0, -x = -4*s - 3*x + 402. What is the tens digit of s?
0
Let o(m) = 301*m + 145. Let u = -436 - -441. What is the tens digit of o(u)?
5
Let b(t) = -4*t**3 - 9*t**2 + 41*t - 155. What is the hundreds digit of b(-11)?
6
What is the hundreds digit of (35/2)/((-35 + 77)/36708)?
2
Let l(q) = 79*q**2 - 64*q - 461. What is the hundreds digit of l(-9)?
5
Let k(v) = 152*v + 18. Let d be k(-7). Let s = d + 1527. What is the units digit of s?
1
Suppose 0 = -3*o - a - a + 6, 3*a - 9 = 0. Let y be (-118)/(-177)*(-171)/(-6). Suppose o = -15*t + y*t - 372. What is the units digit of t?
3
Let z = -387 - -1869. Suppose 28*g = 982 + z. What is the units digit of g?
8
Let t = 85304 - 51997. What is the ten thousands digit of t?
3
Suppose 3*d = -939 - 3909. Let k be (-2)/(-9) + d/(-18). What is the tens digit of k*(-16)/(-12) - -5?
2
Suppose -4*n + 17 = -c, -2*n - 8*c + 13*c + 13 = 0. Suppose 25*z - 21*z + n*v = 188, -z = -5*v - 71. What is the units digit of z?
1
Let l(k) = -k - 3. Suppose 0 = -n + 4*i - 22, 2*i - 23 = -n - 3*i. Let j be l(n). What is the units digit of j*460/8*24/(-10)?
8
Suppose 128268 = 12*t - 5*t + 77*t. What is the hundreds digit of t?
5
Suppose 0*h - 360 = -6*h. Suppose -11*k - h = -14*k. What is the hundreds digit of (135/k)/((-2)/(-32))?
1
Let d(p) = -3*p**3 - 31*p**2 - 11*p + 2. Let m be d(-10). Let r(s) = 2*s**2 + 97*s - 1. What is the thousands digit of r(m)?
1
Let n(v) = 129*v**2 - 271*v + 183. What is the units digit of n(-24)?
1
Suppose -2*t + 5*m = -1967 - 6024, -2*t + 8012 = -2*m. What is the units digit of t?
3
What is the tens digit of ((-240)/(-44))/(-10) - (-49187)/11?
7
Suppose -10*m = -5*m + 20. Let x(s) = -32*s + 2. Let c be x(-2). What is the units digit of 1 + 3 + m + c?
6
Let n be 2/4 - (-70)/4. Let k(d) = -5*d**3 + 17*d**2 + 25*d + 2. Let t(u) = u**3. Let c(p) = k(p) + 4*t(p). What is the hundreds digit of c(n)?
1
Let u = -24934 + 46489. What is the hundreds digit of u?
5
Let t(v) = 12*v + 1082*v**2 + 10 + 0*v**3 - 1108*v**2 - v**3 + 24. What is the tens digit of t(-27)?
3
Let k be (-2)/8 + 1*2/8. Suppose 2*y - 2*h = 910, k = -3*y - 5*h + 3*h + 1360. What is the hundreds digit of y?
4
What is the units digit of (42783/130)/(24/40)*66?
1
Let x be (-7)/((-280)/32) - (-182)/10. Suppose -6897 = -0*q - x*q. What is the tens digit of q?
6
Let h = -24853 + 60084. What is the thousands digit of h?
5
Suppose -3*k + 335 = -19*g + 24*g, 2*g = -5*k + 571. What is the hundreds digit of k?
1
Let m(l) = 5*l - l + 8*l - 3 - 8*l**3 + 46*l**2 - 43*l**2. What is the units digit of m(-5)?
2
Suppose -40*u = -35*u + 80. Let r be -2*(-218*4/u - -2). Let l = 169 + r. What is the tens digit of l?
5
Let s = 22 - 26. Let p(a) = -a. Let n be p(s). Suppose 110 = 4*v - 0*v - x, 0 = -4*v - n*x + 120. What is the units digit of v?
8
Suppose 25*w + 289272 + 210696 = 89*w. What is the thousands digit of w?
7
Let f = -9938 + 20657. What is the hundreds digit of f?
7
Let b(f) = 6*f**2 - 7*f + 26. Suppose 107*q = 112*q + 45. What is the hundreds digit of b(q)?
5
What is the units digit of (-112)/(-84)*1080/3?
0
Suppose 5*l + 2*n + 1396 = 65673, 2*l - 7*n = 25703. What is the thousands digit of l?
2
Let i = 20 + -16. Suppose -95 = -g + i. What is the units digit of g?
9
Let l = 689 - 825. Let r = 165 + l. What is the tens digit of r?
2
Let u = 465 - 402. What is the 